08679. Calculate the greatest common divisor of i and 26.
26
Let p(k) = 19*k**2 + k + 2. Let t be p(2). Let a = t - 66. Calculate the highest common factor of 1 and a.
1
Let q(b) = -1905*b + 24. Let a(n) = -954*n + 11. Let p(y) = 7*a(y) - 4*q(y). Let t be p(1). What is the highest common divisor of 13 and t?
13
Suppose -244 = -i - 0*r + 3*r, -4*i + 1004 = -5*r. Let s be (i/12)/1 + (-6)/(-9). Calculate the highest common factor of s and 77.
11
Let n(l) = -74*l - 5498. Let q be n(-76). Suppose 2*x + 26 = m, -m - 3*m = 5*x - 117. What is the greatest common divisor of q and m?
14
Suppose -9921 = -21*v + 243. What is the greatest common divisor of 352 and v?
44
Suppose 1860 = 4*z + 716. Let a be (-770)/(-21)*(1716/130)/11. Calculate the highest common divisor of a and z.
22
Let r be 12 + -3 - ((1 - -2) + -1). Let k be ((-18)/r)/(4/(-196)). Let j be (0 - -1)/(2/k). What is the highest common divisor of j and 84?
21
Let p(n) = -n**3 - 75*n**2 - 217*n + 28. Let a be p(-72). What is the greatest common factor of 6950 and a?
50
Suppose -2238 = -12*h + 2706. Suppose -u + h = 3*u. Let n = -86 + u. What is the greatest common divisor of 17 and n?
17
Let l(z) = -z**3 + 11*z**2 + 11*z + 13. Let s be l(12). Let h(o) = -38*o - 506. Let r be h(-15). Calculate the greatest common divisor of s and r.
1
Suppose 4*y + 177 = 205. Suppose -100 = 5*j - y*j. Let i be (12 - 2)/(6/45). What is the greatest common factor of i and j?
25
Let n be (-21)/(-2)*8*(-30)/(-360). Calculate the highest common divisor of n and 9366.
7
Let f(n) = -n**2 - n + 144. Let m be f(0). Suppose -2*r - 471*w + 472*w = -130, -r + w = -66. What is the greatest common factor of r and m?
16
Let x = 29887 + -27643. What is the highest common divisor of 48 and x?
12
Suppose 10*g - 71 = 9. Suppose -2*p + 3*t - g = -91, -49 = -p - t. What is the greatest common divisor of p and 253?
23
Let a = 4716 - 4702. Calculate the highest common factor of a and 217.
7
Let s(m) = 6*m**2 - m**3 + 8*m**2 - 16 - 2*m + 11*m**2 - 36*m**2. Let c = 12 + -23. Let w be s(c). Calculate the greatest common factor of 9 and w.
3
Let g be 6624/(-368) - (-8636 + -1). What is the highest common divisor of g and 13?
13
Suppose -6*r + 361 = c - 10*r, 0 = 4*c + r - 1376. What is the greatest common factor of 165 and c?
15
Let d(j) = -j**3 - 7*j**2 - 14*j - 1. Let m be d(-5). Suppose -2*c + 24 = 4*v, 2*c - 4*v - 59 = -m. What is the highest common divisor of 28 and c?
4
Let j be 32/4 - (2 - -13)*-4. Let i(q) = -q**3 - 10*q**2 - q + 7. Let f be i(-10). Calculate the greatest common factor of f and j.
17
Let o(n) = 233*n**2 - 2*n - 5. Let g be o(-2). What is the highest common divisor of g and 56?
7
Let h(p) = -34*p - 1098. Let b be h(-41). What is the greatest common divisor of b and 3700?
148
Let d(z) = z**3 - 69*z**2 - 295*z + 347. Let h be d(73). Calculate the greatest common factor of h and 14.
2
Suppose -4*n + 3*n = -3. Let o be (-18)/(-8)*64/n. Let m(u) = 7*u**2 - 18*u + 7. Let p be m(3). Calculate the highest common factor of p and o.
16
Let w be (-3)/(-27) - (-93605)/1737. What is the highest common factor of 108 and w?
54
Let t = 0 + 7. Let w(l) = l - 8. Let m(q) = 13. Let x(c) = 3*m(c) + 3*w(c). Let k be x(t). What is the highest common factor of k and 24?
12
Let l = -327 - -328. Let b(o) = -2*o - 5. Let p be b(-7). Suppose 3*m - 2*w + l = 0, 3*w - 11 = -p*m + 4*m. What is the highest common divisor of 13 and m?
1
Let h(q) = 2*q**3 - q**2 + 6*q + 5. Let c be h(0). Suppose -35 = -c*x + 20. Let a be ((-2)/(-1) - 1) + 120. Calculate the highest common divisor of x and a.
11
Let h = -10545 + 11935. What is the highest common factor of h and 4?
2
Let v be (((-3)/6)/(140/(-6090)))/((-3)/(-28)). Calculate the greatest common factor of v and 3625.
29
Let k = 11153 + -10376. What is the greatest common factor of 3552 and k?
111
Let u = 17 - 18. Let k = 89 + u. What is the greatest common divisor of 33 and k?
11
Let d(k) = 6*k - 87. Let w be d(16). Suppose -29*i = w*i - 1444. What is the highest common divisor of 608 and i?
38
Let c = -24 + 27. Let n be 18/4*28/c. Suppose -3*z + 13 + 50 = 0. What is the greatest common factor of n and z?
21
Let m = -1002 - -1009. Calculate the greatest common factor of 1169 and m.
7
Let d = 127 - 7. Let v be ((-26)/52)/(1/(-30)). Calculate the greatest common divisor of d and v.
15
Suppose 0*y = 4*y - 200. Suppose 0 = 3*m + 3*n - 519, 281*m + 5*n - 690 = 277*m. Calculate the greatest common factor of y and m.
25
Let t be (7/28)/((-23)/(-920)). What is the highest common divisor of 800 and t?
10
Let o be ((-112)/(-12))/(-14) + (-10)/(-6). Suppose -4*k = 2*n + 12, 2*n = -k - o + 4. What is the highest common factor of 68 and n?
4
Suppose -5*a = -5*l + 10, 4*l - 6 = -3*a + 30. Let g be (l/(-12))/((-2)/36) - -3. Let c be 1 + 740/g + 4/(-6). What is the greatest common factor of c and 31?
31
Suppose 8 = -v + 3*d + 1, -5 = -5*d. Let q(u) = -u**3 + 11*u - 3. Let s be q(v). What is the highest common divisor of 374 and s?
17
Suppose 3*m + 6 = 0, 2*p - 7*m - 26 = -8*m. Let w be p/126 + (-2048)/(-36). What is the greatest common factor of 3 and w?
3
Suppose 20*i - 15*i - 1700 = 0. Suppose 0 = -5*d + 4*r + i, r - 155 = -5*d + 210. What is the greatest common factor of d and 16?
8
Suppose -176 = -4*c + 4*x, -127 = -2*c + 3*x - 35. Suppose -y + 124 = 2*y + 2*k, -k = -4*y + 158. Calculate the highest common factor of y and c.
40
Let o be 1320/(-22)*((-398)/5 - -2). Calculate the greatest common factor of o and 288.
48
Let l = 12504 - 12455. Calculate the greatest common divisor of 1477 and l.
7
Let s = -98 + 206. Suppose -v = -s + 38. Let l = 174015 + -173973. Calculate the greatest common divisor of v and l.
14
Let a = 2475 - 1945. What is the highest common divisor of a and 10?
10
Let c be 5 + 6/8 + 1057/28*7. What is the greatest common divisor of 13635 and c?
135
Suppose 2326 + 1028 = 78*m. What is the greatest common factor of m and 6751?
43
Let t be (-14172)/(-14) - ((-253)/(-77) - 3). Calculate the greatest common divisor of 23 and t.
23
Let k be ((-7)/(-2) - (9 + -6))*894. Suppose 452*t - k*t - 910 = 0. What is the highest common divisor of t and 14?
14
Let s = -579 - -6925. What is the greatest common divisor of s and 114?
38
Suppose 43695 = -31*m + 56*m - 122555. Calculate the highest common divisor of 114 and m.
38
Suppose -2*p + 4*v = 1466, -4*p + v = -8*p - 2941. Let y be (p/(-10))/(2/4) + -3. Calculate the highest common divisor of y and 336.
48
Suppose -42 = -4*d - 5*t, -7 = -2*d + 5*t + 29. Let x be (-11)/(-44)*-4*d/(-1). Calculate the highest common divisor of x and 52.
13
Let i(r) = -r**2 + 0*r**2 - 24 + r**2 + 10*r - r**2. Let u be i(6). Let t be 48/27 + 2/9 + u. What is the greatest common factor of t and 2?
2
Let b be -694 - (9 + -1 + -4). Let v = b + 968. What is the greatest common divisor of 108 and v?
54
Suppose -244*u = -248*u + 84. Suppose -30*y - u + 501 = 0. What is the greatest common divisor of y and 32?
16
Suppose 2*g + 157 = 527. Let h = g - 9. Suppose 0 = -28*f + 227 + 221. Calculate the greatest common factor of f and h.
16
Let l(d) = -250*d + 1026. Let g be l(4). What is the highest common factor of g and 4082?
26
Let l(y) = 9*y**2 + 40*y + 573. Let j be l(-28). Calculate the highest common divisor of j and 23.
23
Let v(q) = -q**3 + 19*q**2 + 20*q + 4. Suppose -15*i = 8*i - 460. Let u be v(i). Let c be 9 + (-4 - -7)/(-3). Calculate the highest common factor of u and c.
4
Let m be 434 + (5 + -6)*4. Let k be ((-20)/(-8) + -2)*m. Let r = -146 - -232. Calculate the greatest common divisor of r and k.
43
Let z(g) = 3*g - 56. Let w be z(23). Suppose 5 = 5*o + 5*c + 30, -5*o - 65 = -3*c. Let x be (-5)/o - 103/(-2). Calculate the greatest common factor of w and x.
13
Suppose 9664 + 13808 = 18*f. Calculate the greatest common divisor of 3423 and f.
163
Let d(j) = 7*j**2 - 24*j - 135. Let f(c) = 9*c**2 - 22*c - 136. Let l(a) = -4*d(a) + 3*f(a). Let q be l(33). What is the greatest common factor of q and 22?
11
Let f(z) = -z**3 - 8*z**2 + 20*z - 25. Let g be f(-13). Suppose -2156 = -6*s - g. What is the highest common factor of 42 and s?
14
Suppose 2*r - 4*r + 99 = -3*g, -3*r = 2*g - 116. Let q = 2993 + -2930. Calculate the greatest common factor of r and q.
21
Let o = 9086 - 6033. C